
3, 37
List the prime factors of (0 + 0 - 0) + 613.
613
Let k(c) = -235*c**3 - 3*c**2 + 4*c + 6. What are the prime factors of k(-1)?
2, 3, 13
Let d = 411 - 278. Suppose -5*v = x - 0*v - d, 173 = x - 5*v. What are the prime factors of x?
3, 17
Suppose -1 = -d + 2. Suppose 2*o = d*g - 56 - 201, 4*g + 5*o - 335 = 0. What are the prime factors of g?
5, 17
Suppose 5*d = -23*h + 18*h + 2125, -3*d - 2*h + 1276 = 0. List the prime factors of d.
2, 3, 71
Suppose 5*c + 12830 = 4*v, 6829 = -3*v - 4*c + 16436. What are the prime factors of v?
5, 641
Let z be 1 + (6 - (-6)/(-3)). Suppose 5*d + 4*g + 3282 = 0, 2*d - d + z*g + 669 = 0. List the prime factors of 1/5 - d/30.
2, 11
List the prime factors of 96*(34/(-5))/(4/(-5)).
2, 3, 17
Let t(w) = -w**3 + 7*w**2 - 5*w - 4. Let k be t(6). Suppose 156 = 4*f + 4*g, -f - k*g + 43 = 6. What are the prime factors of f?
41
Let i(u) = -25*u**2 + u. Let a be i(1). Let n be 2/7 - a/14. Suppose -4*p = -66 + n. List the prime factors of p.
2
Let a = 9 + -1. List the prime factors of (-1194)/(-72)*3 - (-2)/a.
2, 5
Let c = 107 + 477. What are the prime factors of 2/(-10) - c/(-20)?
29
Suppose 4*l - 13719 = 4033. What are the prime factors of l?
2, 7, 317
What are the prime factors of (60/24 + -2)*4274?
2137
Suppose -k + 33 = -162. Let g = -52 + k. List the prime factors of g.
11, 13
Suppose 13*h = 9*h - 8. Let k(n) = 7*n + 5. Let l be k(h). List the prime factors of (3 + l)*142/(-12).
71
Suppose -2*a + 7 - 23 = 2*w, -17 = -a + 4*w. Suppose 8*c = 12 + 20. What are the prime factors of ((-2)/c)/(a/30)?
5
Let h(p) = 6*p + 36. Let q(c) = -c - 1. Let b(n) = h(n) + 5*q(n). Let m(r) = -r**2 + 7*r - 5. Let k be m(8). What are the prime factors of b(k)?
2, 3
Let c = -1865 - -4679. List the prime factors of c.
2, 3, 7, 67
Let v be ((-42)/10)/((-1)/5). Let l = 603 - 602. What are the prime factors of (3 - v/(-3))*l?
2, 5
Let f = -12 - -10. Let p be f/4*30/(-5). Suppose -a = p*a - 164. List the prime factors of a.
41
Let a(l) = 16*l**2 - 33*l - 12. What are the prime factors of a(-10)?
2, 7, 137
Let x = 206 - -288. Suppose -3*d = 62 - x. What are the prime factors of d?
2, 3
Suppose 0 = -2*b - b - 3*j + 2448, -2*b = -3*j - 1647. What are the prime factors of b?
3, 7, 13
Let j(p) be the second derivative of -5*p**3/2 - 27*p**2/2 + 19*p. List the prime factors of j(-8).
3, 31
Suppose 588 = -4*a - 5*v + 2683, 3*a + v = 1574. What are the prime factors of a?
3, 5, 7
Let z = -2 - -12. Suppose -2*x = 3*t - 67, -5*t + 3*t - z = 0. Let l = -28 + x. List the prime factors of l.
13
Let n(t) = -t - 8. Let k be n(-8). Let x = 2 - k. What are the prime factors of 28*(3/x - 1)?
2, 7
Let d = 43 - 36. Let m(u) = u**3 - 5*u**2 + 7*u + 1. What are the prime factors of m(d)?
2, 37
Suppose 0 = 3*r - 9, -2*l + 4*r = 3*l - 708. Let f = 77 + -122. List the prime factors of (-5)/2*l/f.
2
Let g(c) = -c**3 + 8*c**2 + c - 4. Let n be g(8). Suppose 210 = n*j - j. Suppose 4*w - 2*i = 2*i + 80, 0 = -3*w + i + j. List the prime factors of w.
5
Suppose 3*q = -9*q - 48. List the prime factors of -262*(q/8)/1.
131
Let x be (0 + 1)/((-20)/700). Let p = 68 + x. What are the prime factors of p?
3, 11
Let p(r) = 7*r**2 + 3*r + 1. Let w be p(-2). Suppose 3*t = 22 + w. Let q = t + -6. What are the prime factors of q?
3
Let h be (-1)/(-3)*(3 + -3) + 135. Suppose 3*b - h = 2*w - 5*w, 2*b + w - 94 = 0. List the prime factors of b.
7
Let f = 3094 - 1284. What are the prime factors of f?
2, 5, 181
Suppose -x = 3*x + l + 38, -5*x = 2*l + 49. Let j = x + 14. What are the prime factors of 2 - -27 - (2 - j)?
2
Let w = 63 - 116. Let l = w - -109. List the prime factors of l.
2, 7
Suppose -9349 = 2*w - 5*w + o, -2*w = -4*o - 6226. List the prime factors of w.
3, 1039
Let f(r) = -14*r**3 - 20*r**2 + 10*r + 2. What are the prime factors of f(-4)?
2, 269
Suppose 23*h - 2683 = 560. What are the prime factors of h?
3, 47
Let j(z) = -z + 3. Let l be j(2). List the prime factors of 3/(l/2 + (-1)/4).
2, 3
Suppose -58*y - 17*y + 87675 = 0. What are the prime factors of y?
7, 167
Let u = -1565 + 3516. List the prime factors of u.
1951
Suppose -7*c = 14*c - 30450. List the prime factors of c.
2, 5, 29
Let u(n) = n**3 + 6*n**2 + 3. Suppose -v + 5 = 5*i - 2*v, -5*i + 2*v + 10 = 0. Suppose 0 = r - i + 5. List the prime factors of u(r).
2, 7
Suppose -240*t + 10940 = -236*t. What are the prime factors of t?
5, 547
What are the prime factors of (-1 + -6)*(-28)/98 - 0?
2
Let t(k) = 4*k**3 + 4*k**2 - 5*k + 3. Let j(v) = -8*v**3 - 7*v**2 + 10*v - 5. Let u(r) = 3*j(r) + 5*t(r). What are the prime factors of u(-4)?
2, 5, 11
Let r = -33 + 27. Let c = r + 11. What are the prime factors of c?
5
Let o be (6 - 9) + 2 + -19. Let p be (16/o)/((-4)/(-10)). Let n(m) = -13*m - 2. List the prime factors of n(p).
2, 3
Let o = 6 - 1. Let d be o/((-10)/(-4)) + 26. Let g = -20 + d. What are the prime factors of g?
2
What are the prime factors of (-28 - -2)*(-18)/4 + 3?
2, 3, 5
Suppose -32*h = -30*h + 36. Let i = 42 + h. List the prime factors of i.
2, 3
Suppose -3*c - 2732 = -6656. List the prime factors of c.
2, 3, 109
Suppose s + 4*k + 0*k + 15 = 0, 4*s - 4*k = 20. Suppose -3*h - x + 193 = 0, -5*x - 206 + s = -3*h. What are the prime factors of h?
5, 13
Suppose 4*j + i + 1 = 0, 5*i + 5 = -5*j - 0. Suppose -4*u + 2*u + 2 = j. What are the prime factors of 2 - (-1 - 0 - u)?
2
Let x(j) = -2*j - 35. Let v be x(-19). List the prime factors of (-2)/v + 1233/27.
3, 5
What are the prime factors of 2338 - 10/(-5 - -6)?
2, 3, 97
Let t = 61 - 69. Let x(p) = -p**3 - 4*p**2 - p - 6. What are the prime factors of x(t)?
2, 3, 43
Let z be (-252)/(-8)*8/6. Let t = z - -10. What are the prime factors of t?
2, 13
Suppose 2*d = -d + 12. Suppose d*s = -5*c + 40, -2*s + 4*s - 4*c = -6. Suppose -s*h + 164 = 4*o, 108 = o + o - 4*h. What are the prime factors of o?
2, 23
Let d(q) = 3*q**3 - 2*q - 8*q**3 - 9*q**2 + 4*q**3 + 13*q**2 - 2. Let w be -1*(-2 - (1 - 1)). List the prime factors of d(w).
2
Let h(y) = y**3 + 7*y**2 + 6*y - 6. Let l be h(-6). What are the prime factors of -134*(l/(-9) + (-14)/12)?
67
List the prime factors of (-12)/102 - (-1085)/119.
3
Let x(t) = 474*t**2 + 2*t + 2. What are the prime factors of x(-1)?
2, 3, 79
Let m(s) = s**2 - 5*s + 1. Let q be m(5). Suppose -5*g + 14 = -4*w, w + q - 6 = -3*g. What are the prime factors of (2/4)/(w/(-10))?
5
Suppose 17*v + 3872 = 19*v. List the prime factors of v.
2, 11
Suppose j = -5, -3*x + 17 = x - j. Suppose -3*k + 4*k = -3*d - 3, -x*d + k = 9. List the prime factors of (-4)/(-8) - 11/d.
2, 3
Suppose y = 320 + 10. Suppose -y = -4*r + 3*z, -3*r + 3*z + 324 = 75. Let h = r - 42. List the prime factors of h.
3, 13
Let g = 43 + -48. Let m(r) = -12*r - 17. What are the prime factors of m(g)?
43
Let c = -6 - -4. Let p be (-18 + 2)*93/(-62). What are the prime factors of (-928)/p*3/c?
2, 29
Let t be -2 - (-2)/2*4. Let w(l) = 6*l**2 + 2*l**2 - 7 + l**3 - 5*l + 3*l - l**t. List the prime factors of w(-7).
7
Suppose -4*o + 126 = 3*o. Suppose 2*q - 128 = -4*z, 0*z + 3*q + o = z. Suppose -2*n = -n - z. What are the prime factors of n?
2, 3, 5
What are the prime factors of 6324/8 - (-6)/12?
7, 113
Suppose u - 2*m = 570, 15 = 3*m - 8*m. List the prime factors of u.
2, 3, 47
Let g(u) = 6*u**2 + 14*u - 31. What are the prime factors of g(2)?
3, 7
Suppose -16 = -4*g - 2*w, -5*g - 5*w = -2*w - 21. What are the prime factors of (-2 + 3)/(-1)*(g + -286)?
283
Suppose -62*p + 478127 = 75375. What are the prime factors of p?
2, 7, 29
Let d(r) = -2024*r**2 + 7 + 5 + 2030*r**2 + r. List the prime factors of d(-4).
2, 13
What are the prime factors of (41/(-3) - 3)*(-1296)/40?
2, 3, 5
Let m be (-6)/(-12)*(0 + 0). Suppose l + 59 - 175 = m. List the prime factors of l.
2, 29
Let n(p) = -p**3 - 12*p**2 + 22*p + 60. List the prime factors of n(-14).
2, 3
Let n(z) = 2*z - 9. Suppose -3*y - 2*y + 5*c - 15 = 0, -4*y + 23 = 3*c. Suppose -y*v + 16 = 5*l - 3*l, 3*v = -l + 26. What are the prime factors of n(v)?
3
Suppose 4*w = -4*d - 162 + 834, -3*d + 2*w + 529 = 0. Suppose 3*g - d = 31. List the prime factors of g.
2, 17
Suppose 442 = v - 321. List the prime factors of v.
7, 109
Let o = 548 - 257. Let n = o + -208. List the prime factors of n.
83
Let f(m) = -3*m**3 - m**2 + 10*m + 12. What are the prime factors 